).
8
Suppose 0 = -0*k + 6*k - 30. Let p(d) = -1 + 2*d - d + d - 2. What is p(k)?
7
Let z be -9*(-2 + 0 + 1). Let t = -8 + z. Suppose -9 = 5*d + t. Let g(x) = -x**3 - x**2 - 3*x - 3. What is g(d)?
7
Suppose -64 + 0 = 16*m. Let a(h) = h + 5. Give a(m).
1
Let g(q) = -15*q**3 - 6*q**2 - 8*q - 5. Let t(h) = -5*h**3 - 2*h**2 - 3*h - 2. Let d(a) = 3*g(a) - 8*t(a). What is d(1)?
-6
Let l(w) be the second derivative of -w**5/20 + w**4/2 - 5*w**3/6 + 8*w. Give l(5).
0
Let n(s) = s + 1. Let o(a) = -2*a + 1. Let l(d) = 3*n(d) + o(d). Suppose 0 = w + 4*w + y + 25, -2*w - 3*y - 23 = 0. Determine l(w).
0
Let b(v) = -1. Let c(y) = y + 6. Let g(p) = -6*b(p) - c(p). Let n = -33 + 48. Suppose 0 = t + 2*t - n. What is g(t)?
-5
Let n(t) be the first derivative of t**2 + 2*t + 1. Let p be (-3)/15 - 22/(-10). Let g(a) = -3*a + 3. Let j be g(p). Determine n(j).
-4
Suppose 0*f = 4*f + 8. Let l(j) = -3 - 5*j - 4*j**2 + 2*j**2 + j. Calculate l(f).
-3
Let u(j) = 20 + j + j - 16. Calculate u(-8).
-12
Suppose -2 = -2*x - 2*n, -3*x + 0*x - n + 13 = 0. Suppose -9 + 21 = 3*r. Let o(l) = -2*l - r + 11 + 0*l. Calculate o(x).
-5
Let r(j) be the first derivative of -j**4/4 + j**2/2 - j - 14. What is r(-2)?
5
Let y(h) = -4*h + 2 - h**2 - 2*h + h. What is y(-4)?
6
Let y(r) = -r**2 + 0*r - r - 2*r + 3 + 2*r. Let b be 5/(-2) - (-1)/(-2). Calculate y(b).
-3
Let b(x) = -3*x + 4. Let w(z) = -z - 4. Let u be w(-7). What is b(u)?
-5
Suppose -6 = -5*q + 3*k - 21, 5*q - 20 = -4*k. Suppose -4*o + 5 = -2*r - 13, q = 5*o - r - 24. Suppose -3*l + o = -8*l. Let x(a) = 4*a + 1. Determine x(l).
-3
Let v(p) = 2*p**3 + 1 - 8*p**2 - p + 12*p**2 - 5*p**2. What is v(2)?
11
Let x be (-7)/((-2)/(2/1)). Let l(s) = -s**3 + 6*s**2 + 8*s - 8. What is l(x)?
-1
Let z(g) = -27*g**3 - 2*g**2 + 5. Let r(b) = 13*b**3 + b**2 - 3. Let c(a) = -5*r(a) - 3*z(a). Give c(-1).
-15
Let d(v) be the second derivative of v**4/12 + 6*v. Let x(f) = 4*f**2 + 6*f + 1. Let o(u) = 3*d(u) - x(u). Calculate o(-6).
-1
Let l = 6 + 0. Let w = l + -11. Let a = 2 + w. Let b(u) = 2*u + 2. What is b(a)?
-4
Let m(x) = x - 4. Let d(p) = -4*p - 2. Let t be d(-2). Let q be (-110)/(-33)*6/(-5). Let y = t + q. What is m(y)?
-2
Let m(z) = z + 3. Let j be (-84)/24*24/(-7). Let u(c) = -c**3 + 11*c**2 + 13*c - 8. Let f be u(j). What is m(f)?
7
Let t(b) = b**3 - 5*b**2 + 4*b - 12. Let n be t(5). Let q be 1*(-5)/(5/12). Let j = q + n. Let h(g) = -g**2 - 5*g - 1. Determine h(j).
3
Let c(a) be the third derivative of -1/60*a**5 + 1/24*a**4 + 0*a + 2/3*a**3 - 4*a**2 + 0. Let x(b) = -2*b - 7. Let q be x(-5). Determine c(q).
-2
Let d = 30 - 24. Let b(i) = -i**2 + 6*i - 6. Give b(d).
-6
Let z be (-8)/(-36) - 43/(-9). Suppose -6*n = -o - n + 3, z*o + 3*n = 15. Let c(f) = -3*f**2 + f**o + 4 + 2*f**2 - 3*f**2. Determine c(4).
4
Suppose 10*i = 30 - 10. Let g(l) be the first derivative of -2 + l - 1/2*l**i. Give g(5).
-4
Let l(w) = -8*w + 10*w + 13 - 3. Let j(p) = -2*p - 11. Let f(m) = 6*j(m) + 7*l(m). Calculate f(-3).
-2
Let c(i) = -i**3 - 9*i**2 + 10*i + 3. Let f be c(-10). Let y(k) = -4*k + 2*k**f + 3*k**2 + 5*k + 3 - 2. Determine y(-2).
-5
Let w(v) = -12*v**2 + 11*v + 8. Let f(d) = -8*d**2 + 7*d + 5. Let x(j) = 8*f(j) - 5*w(j). Give x(1).
-3
Let z = -7 - -6. Let g(q) = 3*q**3 + 2*q**2 + 2*q + 5. Let b(c) = 1. Let t(m) = z*g(m) + 4*b(m). Calculate t(-1).
2
Let s(g) = 4*g**2 + 5*g + 5. Let x(o) be the second derivative of -o**4/12 + 3*o. Let p(w) = -s(w) - 3*x(w). Let n be 8/(-2) - 0 - 1. Determine p(n).
-5
Let w(f) = -4*f - 5. Let k(q) = -5*q - 6. Let n(c) = 2*k(c) - 3*w(c). Calculate n(6).
15
Let y(x) = -5*x + 7. Let z(n) = n - 1. Let a(s) = y(s) + 6*z(s). Let h be ((-3)/2)/(6/(-16)). Suppose -h*b - 4 = -20. Determine a(b).
5
Let c(d) = 3*d - 4. Let n(p) = -6*p - 8. Let a be n(-2). What is c(a)?
8
Let c = 14 + -13. Let u(z) = -z**2 - z. Let j(s) = 3*s**3 - 2*s**2 - 4*s + 1. Let m(q) = j(q) - 2*u(q). Calculate m(c).
2
Let i(w) = 11*w + 9. Let z(s) = 13*s + 9. Let l(m) = -6*i(m) + 5*z(m). Suppose -8 - 12 = 5*c. Calculate l(c).
-5
Let h be ((-8)/(-10))/(1/(-5)). Suppose -2 = 3*x - 8. Let g(d) = -4 - 2*d + 2 - x. Calculate g(h).
4
Let b(l) = 3*l**2 - 2*l - 1. Let w = 9 + 2. Suppose -4*i - 3 = -w. What is b(i)?
7
Let l(p) = -32*p**3 - 5*p**2 - 11. Let a(u) = -16*u**3 - 2*u**2 - 5. Let r(x) = -9*a(x) + 4*l(x). Give r(1).
15
Let q(u) = 4*u. Suppose 0 = -2*k - 4, -13 = -5*s - 4*k + 8*k. Determine q(s).
4
Let j(a) be the second derivative of -a**4/12 - a**3 + 4*a**2 - 23*a. Give j(-6).
8
Let b(h) = -4*h + 0*h - 6 - 3*h - h**2. Let z = -1 - -6. Suppose z*u + 22 = -8. Determine b(u).
0
Let j(i) = -i + 14. Let p be j(19). Let v(g) = g**3 + 4*g**2 - 4*g. What is v(p)?
-5
Let i(w) = w**2 - 5*w + 1. Suppose 0*z - z = 2*g - 83, -4*z = -4*g + 172. Let j = g + -20. Suppose 5*l + s - j = 0, 0*s + 18 = 2*l + 5*s. Calculate i(l).
-3
Suppose 16 = z + 15. Let u(y) = y**3 - y**2. What is u(z)?
0
Let g(i) = 2*i**2 + 19*i - 55. Let v be g(-12). Let m be 15/1*3/9. Let x(o) = -o + 8 + 9 - m. Calculate x(v).
7
Suppose s + 3*s - 4*a = 0, 4*s + 2*a - 12 = 0. Let x(m) = 10 + s - 6 - 5 + 5*m. What is x(-1)?
-4
Suppose p - 3*y - 3 = 0, -2*p + 3*y - 1 = -4. Suppose -2*o - n = -5, p = -4*o - 4*n - 0*n + 8. Let l(a) = a**3 - 2*a**2 - 3*a + 1. Calculate l(o).
1
Let q(l) = -l**2 - 2. Suppose -5*i + 13 = 3. Let r be 7 - (-2)/i - 3. Suppose 0 = r*s - s. What is q(s)?
-2
Let q(r) = 667*r - 667*r - r**2 - 32. Determine q(0).
-32
Suppose -g = -4*b + 14, 2*g + b = -b + 12. Let r(p) = -4*p + 2*p**2 + 0 + 0*p - 3*p**2 - g. Give r(-5).
-7
Let q(u) = -u**2 + 7*u + 10. Let g be q(8). Let x be (30/(-8) + 0)*-4. Suppose w - g*z = 3*z - 19, -5*z + x = 0. Let t(p) = 4*p + 6. Calculate t(w).
-10
Suppose -2*d - 3*d = 0. Suppose 5*g - g = d. Let w(x) = 1 + 3*x + x**2 - 6 + g*x**2. Calculate w(-5).
5
Suppose -o - 1 = -0*o. Let f(d) = d**2 + 8*d - 8. Let w be f(-10). Let a(v) = -w*v**3 - 3*v + 2*v + 13*v**3. Calculate a(o).
0
Let h(p) be the first derivative of -p**4/4 - 3*p**3 - 9*p**2/2 - 9*p + 19. Give h(-8).
-1
Let m(v) = -v**2 - v. Let k(r) = r**3 - 3*r**2 - 3*r - 1. Let z(a) = k(a) - 2*m(a). Give z(-1).
-2
Let p(i) = -1 - i - 4*i + i**2 + 7*i - i. Let h be (-4)/10 - (-4)/10. Suppose h*a = a - 1, 4*a - 5 = -v. What is p(v)?
1
Let h(s) = 7*s**3 - s. Suppose 1 = 5*y - 4. Calculate h(y).
6
Suppose -2*q + 2 + 12 = 0. Let r(x) = x - 5. Let h(g) = 3*g - 14. Let p(o) = 2*h(o) - 7*r(o). Calculate p(q).
0
Let y(z) be the first derivative of -z**4/4 - 2*z**3 - z**2 - 9*z - 6. What is y(-6)?
3
Let l(m) = -4*m**2 + m**2 - 2*m - 1 + 2*m**2 + 4. Let z(g) = -g**3 - 6*g**2 - 5*g - 3. Let x be z(-5). What is l(x)?
0
Let z(q) be the third derivative of -q**4/12 - 7*q**3/6 + 9*q**2. Let h be z(-4). Let p(i) = -i**2. What is p(h)?
-1
Let i(g) be the first derivative of g**3/3 - 2*g**2 + 2*g - 6. Determine i(3).
-1
Let q(k) = 4*k - 1. Let i(x) = -17*x + 3. Let r(w) = 2*i(w) + 9*q(w). Let g(b) = b - 1. Let t(d) = -6*g(d) + 2*r(d). Suppose 6*z - 8 = 2*z. Calculate t(z).
-4
Let m(r) = -5*r**2 - 5*r + 5. Let x(i) = -1 + 3 + 3*i + 2*i**2 - 3 - 2. Let g(s) = -3*m(s) - 7*x(s). Determine g(6).
6
Let k(j) = j**2 - 5*j + 6. Let m = 40 - 35. What is k(m)?
6
Let r be (2 + -1)/((-2)/14). Let y(h) = 37*h**2 - h + 3*h**3 + h**3 + h**3 - 7 - 30*h**2 - 4*h**3. Calculate y(r).
0
Let t be 3*-4*(-1)/6. Let g(p) = 2*p - 2*p - p**t - 1 + p + p. Determine g(2).
-1
Let g(s) be the second derivative of -s**5/24 + s**3/6 + 2*s. Let q(z) be the second derivative of g(z). What is q(-1)?
5
Let i(d) = -d**3 - 7*d**2 - 6*d + 6. Let u be 0 + 1 - (-2 + 0). Suppose -28 + 1 = u*f + 3*z, 15 = -2*f - z. Give i(f).
6
Let z(f) = -2*f**3 + 2*f**2 + 2*f - 1. Let j be (-3)/1 - (-3 - 2). Suppose -4*b + 5*b - j = 0. Give z(b).
-5
Let w(t) = t - 4. Let x be (3 + (-8)/3)/((-1)/(-30)). Calculate w(x).
6
Suppose 0*x + 2*z - 2 = -x, -3*z - 51 = -3*x. Let g = x - 11. Let m(j) = 4*j**2 - j + 1. Calculate m(g).
4
Let h(g) be the third derivative of g**5/60 + g**4/6 + g**3/6 + 7*g**2. Give h(-4).
1
Let u be 60/(-9)*(-81)/6. Let l be u/21 - 4/14. Suppose 2*w = 3*w - l. Let h(a) = -a**3 + 5*a**2 - 6*a + 3. Give h(w).
-5
Let d(i) be the first derivative of -i**3/3 - 3*i**2/2 - i + 3. Let n be 1*(4/(-1) - -2). Give d(n).
1
Let g = 1 - 4. Let m(i) be the third derivative of i**6/120 +